4.
2, 11, 405893
What are the prime factors of 11300682?
2, 3, 17, 23, 4817
List the prime factors of 91653336.
2, 3, 211, 2011
List the prime factors of 108324949.
4519, 23971
What are the prime factors of 471545154?
2, 3, 19, 31, 79, 563
List the prime factors of 22895044.
2, 1787, 3203
What are the prime factors of 52138567?
13, 97, 173, 239
List the prime factors of 1024676823.
3, 317, 673, 1601
What are the prime factors of 208175768?
2, 131, 198641
What are the prime factors of 534375711?
3, 2199077
List the prime factors of 2471641435.
5, 29, 17045803
List the prime factors of 388028750.
2, 5, 310423
List the prime factors of 655893068.
2, 241, 680387
List the prime factors of 1534358715.
3, 5, 17, 6017093
List the prime factors of 51493766.
2, 25746883
List the prime factors of 1731049902.
2, 3, 3257, 29527
What are the prime factors of 6660977804?
2, 13, 47, 587, 4643
List the prime factors of 2367380567.
151, 15678017
What are the prime factors of 430759774?
2, 163, 1321349
What are the prime factors of 18288956?
2, 7, 23, 4057
What are the prime factors of 799716824?
2, 67, 1492009
What are the prime factors of 226646237?
41, 5527957
What are the prime factors of 78141969?
3, 1117, 2591
List the prime factors of 645396173.
645396173
What are the prime factors of 157365478?
2, 78682739
What are the prime factors of 240877940?
2, 5, 631, 19087
List the prime factors of 96807704.
2, 7, 271, 6379
List the prime factors of 112154736.
2, 3, 2336557
List the prime factors of 158317460.
2, 5, 7, 151, 7489
List the prime factors of 11166060.
2, 3, 5, 149, 1249
What are the prime factors of 3713106532?
2, 928276633
What are the prime factors of 3987452477?
23, 107, 1620257
List the prime factors of 90811692.
2, 3, 241, 1163
What are the prime factors of 1601554441?
19, 84292339
What are the prime factors of 127047502?
2, 63523751
List the prime factors of 90004404.
2, 3, 7, 661, 1621
What are the prime factors of 801278670?
2, 3, 5, 26709289
What are the prime factors of 55620370?
2, 5, 13, 427849
What are the prime factors of 4992125226?
2, 3, 11, 53, 109, 13093
List the prime factors of 119302214.
2, 61, 149, 6563
List the prime factors of 172623994.
2, 463, 186419
List the prime factors of 461732959.
79, 5844721
What are the prime factors of 400327846?
2, 379, 528137
List the prime factors of 8549142491.
8549142491
List the prime factors of 6949423.
13, 534571
What are the prime factors of 113520138?
2, 3, 4211, 4493
List the prime factors of 17904537.
3, 7, 61, 1553
List the prime factors of 25234635.
3, 5, 521, 3229
List the prime factors of 1742471962.
2, 7, 11, 11314753
What are the prime factors of 103318765?
5, 11, 89, 21107
What are the prime factors of 1762703834?
2, 19, 31, 1496353
What are the prime factors of 5240065310?
2, 5, 61, 67, 128213
What are the prime factors of 748195426?
2, 11, 37, 541, 1699
List the prime factors of 1408356433.
11, 128032403
What are the prime factors of 1099110190?
2, 5, 9769, 11251
List the prime factors of 3131220513.
3, 1429, 730399
List the prime factors of 51452507.
4091, 12577
List the prime factors of 4838011881.
3, 47, 34312141
List the prime factors of 1260689884.
2, 127, 229, 10837
What are the prime factors of 114134433?
3, 7, 67, 81119
What are the prime factors of 148857797?
11, 17, 569, 1399
List the prime factors of 3190615094.
2, 1595307547
What are the prime factors of 80102799?
3, 7, 181639
What are the prime factors of 293577590?
2, 5, 17, 1726927
List the prime factors of 756491037.
3, 67, 1879, 2003
List the prime factors of 109048974.
2, 3, 18174829
List the prime factors of 71520570.
2, 3, 5, 11, 23, 349
List the prime factors of 12335137.
41, 300857
What are the prime factors of 1811682962?
2, 17, 47, 491, 2309
List the prime factors of 323168618.
2, 79, 2045371
List the prime factors of 95281702.
2, 17, 2802403
What are the prime factors of 222992397?
3, 29, 283, 3019
What are the prime factors of 442816?
2, 11, 17, 37
What are the prime factors of 26938045?
5, 53, 101653
List the prime factors of 65460753.
3, 127, 57271
What are the prime factors of 447563790?
2, 3, 5, 41, 121291
List the prime factors of 719620188.
2, 3, 7, 8566907
List the prime factors of 569944903.
11, 71, 461, 1583
List the prime factors of 409372325.
5, 17, 151, 6379
What are the prime factors of 1169354888?
2, 13, 11243797
What are the prime factors of 74534308?
2, 43, 317, 1367
List the prime factors of 1586740367.
601, 2640167
List the prime factors of 101450643.
3, 7, 193, 25031
List the prime factors of 2283920131.
17, 134348243
What are the prime factors of 4576166038?
2, 43, 73, 728921
What are the prime factors of 2050134044?
2, 7, 73, 1003001
List the prime factors of 1640799592.
2, 743, 276043
What are the prime factors of 2084443424?
2, 7, 9305551
List the prime factors of 885339035.
5, 7, 41, 616961
What are the prime factors of 16562345?
5, 1601, 2069
What are the prime factors of 343159827?
3, 71, 1611079
List the prime factors of 106445811.
3, 457, 77641
What are the prime factors of 191950815?
3, 5, 7, 1061, 1723
What are the prime factors of 102791983?
7, 59, 248891
List the prime factors of 794909580.
2, 3, 5, 241, 54973
What are the prime factors of 7184206576?
2, 1049, 428039
What are the prime factors of 591825218?
2, 263, 1125143
List the prime factors of 1279402678.
2, 863, 741253
What are the prime factors of 816990867?
3, 7, 11, 18713
What are the prime factors of 188873347?
13, 41, 109, 3251
What are the prime factors of 721056214?
2, 3011, 119737
List the prime factors of 286287181.
67, 4272943
What are the prime factors of 1503213876?
2, 3, 67, 69247
What are the prime factors of 379723725?
3, 5, 1687661
List the prime factors of 163028394.
2, 3, 43, 210631
List the prime factors of 47308243.
47308243
What are the prime factors of 321617146?
2, 47, 72797
List the prime factors of 8126097503.
349, 2287, 10181
List the prime factors of 874016926.
2, 41, 10658743
What are the prime factors of 382480674?
2, 3, 63746779
List the prime factors of 37426625.
5, 227, 1319
What are the prime factors of 189976307?
19, 9998753
List the prime factors of 3269189333.
2371, 1378823
What are the prime factors of 7439910524?
2, 1859977631
List the prime factors of 177432134.
2, 11, 421, 19157
What are the prime factors of 169194996?
2, 3, 4699861
What are the prime factors of 37163632?
2, 11, 17, 12421
List the prime factors of 2718488272.
2, 37, 41, 47, 2383
List the prime factors of 103991309.
103991309
What are the prime factors of 1515312359?
11, 137755669
List the prime factors of 201028677.
3, 67009559
What are the prime factors of 17288984?
2, 643, 3361
List the prime factors of 169694116.
2, 67, 633187
What are the prime factors of 408621245?
5, 4357, 18757
What are the prime factors of 269567435?
5, 1427, 37781
What are the prime factors of 29965557?
3, 9988519
What are the prime factors of 36072080?
2, 5, 11, 179, 229
List the prime factors of 236592334.
2, 11, 10754197
What are the prime factors of 116704218?
2, 3, 17, 67, 17077
What are the prime factors of 943902390?
2, 3, 5, 17, 1850789
List the prime factors of 2451219876.
2, 3, 7, 97, 100279
What are the prime factors of 68680055?
5, 809, 16979
List the prime factors of 3006861430.
2, 5, 31, 43, 191, 1181
What are the prime factors of 274720992?
2, 3, 7, 13, 41, 59
What are the prime factors of 111486973?
13, 631, 13591
List the prime factors of 785206311.
3, 83, 3153439
List the prime factors of 4998429060.
2, 3, 5, 61, 251, 5441
List the prime factors of 789810464.
2, 3301, 7477
List the prime factors of 69280929.
3, 7697881
List the prime factors of 240625264.
2, 11, 23, 59443
List the prime factors of 66048665.
5, 61, 216553
List the prime factors of 459922162.
2, 7, 32851583
What are the prime factors of 368819032?
2, 19, 2426441
What are the prime factors of 4274973353?
7, 193, 3164303
List the prime factors of 37837733.
17, 2225749
What are the prime factors of 403671726?
2, 3, 22426207
List the prime factors of 1676759027.
14699, 114073
List the prime factors of 25456213.
823, 30931
List the prime factors of 122675559.
3, 1087, 37619
What are the prime factors of 2181352?
2, 19, 113, 127
What are the prime factor